 - 1)?
-2
Evaluate (3 - -2) + 2 - (10 + -11).
8
Calculate 2 - ((-3 - -7) + 4).
-6
Calculate 3 + 0 + 1 - (3 - 5).
6
What is the value of 1 - ((-3 - 4 - -2) + 3)?
3
What is -3 + -1 + 3 + 3?
2
Evaluate -2 - -2 - 3 - (22 - 20).
-5
What is (-7 - (2 + -2)) + 4?
-3
Evaluate (5 - (2 - -4)) + 0 + 1.
0
What is the value of -23 - -20 - ((1 - -1) + -5)?
0
2 - (7 - 4) - 3
-4
Evaluate (18 + -3 - 3) + -7.
5
Calculate 0 + 5 - (-53 - -53).
5
Calculate (-1 - -6) + -1 - (9 - 3).
-2
1 + 1 + (-8 - (-3 + -5))
2
What is the value of -2 + (-4 - (1 + -3 - -1))?
-5
What is -10 + (-2 - -5) - -9?
2
What is the value of (17 - 13) + (-5 - 0)?
-1
What is the value of 7 - (4 + (11 - 2))?
-6
What is (3 + -3 + 1 - 3) + 3?
1
Evaluate 1 - 9 - -10 - (-1 + 5).
-2
Evaluate (3 + -4 - (8 + -9)) + -10.
-10
Evaluate (2 - 7) + -1 + 10.
4
What is -58 + 54 - (-11 + 0)?
7
3 + 8 + -9 + -6
-4
Calculate 1 - 0 - (7 - 4).
-2
44 + -40 + -1 + -5 - 0
-2
What is -23 - -20 - (-1 - -1) - -6?
3
What is the value of (0 + -3 - -5) + -2 + -1?
-1
What is -3 + 1 + (13 - 7)?
4
Evaluate 12 + (-8 - -1) - -3.
8
What is 9 - 12 - (0 - 5)?
2
Evaluate -2 + -1 + 4 - (2 - 5).
4
Evaluate -9 + 9 + (0 - (-7 - -3)).
4
Calculate -2 - -10 - (-4 + 9).
3
What is (1 - 4) + 1 + -6 + 3?
-5
Calculate -1 - -1 - -1 - (-12 - -16).
-3
What is the value of -5 + 7 - (6 - 0)?
-4
What is -3 - (4 + (-5 - -4 - 1))?
-5
Evaluate (-7 - (-11 + 7)) + 10.
7
Evaluate -1 + 0 - 0 - (-16 - -12).
3
What is the value of 6 + -8 + (-6 - -11)?
3
Evaluate -6 - (-8 + 4 + 1).
-3
7 - (5 - -2) - (8 + 1)
-9
What is -3 + (-2 - (-9 + 10))?
-6
What is the value of 6 + 0 + 3 - (4 - 1)?
6
Evaluate -2 + (9 + 2 - 1).
8
What is the value of 2 + 2 + (-4 - -3 - 1)?
2
Evaluate (0 - -5) + -28 + 27.
4
What is the value of -8 - (-14 - ((-1 - 2) + -5))?
-2
4 + 1 - ((-1 - -3) + -1)
4
Calculate 2 + (0 - (4 - (16 - 7))).
7
Evaluate 1 - 3 - (-1 + -4).
3
What is the value of (15 - (-10 - -20)) + -2 + -1?
2
What is the value of ((-3 - -5) + -3 - 0) + -1?
-2
What is the value of -8 + (2 + -2 - -6) - 0?
-2
4 + 5 + -15 + 4 + -1
-3
-1 - ((-1 - -4) + (-9 - -3))
2
What is the value of 1 + -9 + 15 + -6?
1
Calculate (-3 - -12) + -5 + 0.
4
What is the value of -5 + (-3 - -5) + -5?
-8
Evaluate (3 + -10 - (5 - 9)) + -2.
-5
What is the value of (0 - 1 - 1) + 1?
-1
Evaluate -2 - (-4 - ((3 - -4) + -4)).
5
Calculate 4 + -5 + 4 - 0 - 5.
-2
Calculate -3 + 5 + (-4 - 2).
-4
What is -5 - (0 - (4 - 4))?
-5
Calculate 1 - 3 - (-5 - -2).
1
What is the value of -9 - (1 - (3 - 2) - 4)?
-5
-16 - ((-5 - 6) + 1)
-6
What is -1 + (9 - 3) + (11 - 10)?
6
Calculate 1 + (5 - 7 - (1 + 0)).
-2
What is the value of 4 + -22 + 9 + 3?
-6
Calculate (-1 - 4 - -10) + (-3 - 0).
2
Calculate 1 + -7 - (0 - 2).
-4
Evaluate (2 - 2) + (-3 - (0 - 1)).
-2
9 + (0 - 3) - 6
0
Calculate -1 + 2 + -8 - (-5 - -3).
-5
Evaluate 3 + (11 - 3) - 6.
5
Calculate 1 + -6 - (10 + -20).
5
What is the value of (-3 - -6 - -4) + -6?
1
Evaluate -6 - ((0 - -6) + -8) - -5.
1
What is -6 - (-6 - (3 + (1 - 7)))?
-3
Evaluate 0 - (-4 + 8 - (0 - -1)).
-3
What is the value of -11 + 31 + -8 - 6?
6
What is 2 - (5 + -2) - -4?
3
Evaluate -1 - (6 - (1 + (-4 - -6))).
-4
What is 0 - (-1 + 1 + -1 + 6)?
-5
What is the value of 4 - (6 + -6 + 6)?
-2
Calculate (0 - 3 - 4) + (5 - 1).
-3
-14 + 4 + (5 - -6)
1
Calculate 2 - (-2 + 3 + 3).
-2
What is the value of -2 + -8 + 18 + -5 + 2?
5
Calculate (-7 - 3) + 8 - 0.
-2
What is the value of 1 - -2 - -2 - 3?
2
What is the value of 3 - (-28 - -17 - (-5 + 0))?
9
Calculate -24 + 32 - (1 + 5).
2
5 + -1 + (-10 - (-5 + -1))
0
Evaluate -6 + 10 - 7 - (-1 - 3).
1
What is 1 - -3 - (0 + 0)?
4
What is 4 - 8 - ((5 - 6) + 2)?
-5
What is the value of -3 + 0 + 7 + -7?
-3
What is 3 + 3 + (-7 - -5)?
4
What is the value of 10 + (3 - 12) + -4 + -1?
-4
What is the value of 13 + (-1 - 11) + 1?
2
What is the value of 0 + (2 - 5) - -8?
5
What is the value of (-7 - 0) + 10 - 7?
-4
What is the value of 1 - (1 + -3) - (-15 - -21)?
-3
Evaluate 40 + -49 - (-7 - -2).
-4
Evaluate -2 + (2 - -5) + -1.
4
Evaluate (-2 - (-3 + 14)) + 13.
0
Calculate (3 - 0) + -2 + 2.
3
What is 7 + -6 + 6 + -2 - 2?
3
What is (-9 + 21 - -2) + -6?
8
What is the value of (-11 - (5 + -6)) + 5?
-5
Evaluate -5 + 2 - (1 - -1).
-5
What is the value of -1 + (-1 - 3) - -4?
-1
What is the value of -9 - (3 + -15 - -7)?
-4
Evaluate 1 + -1 + 5 + -1 + -6.
-2
Evaluate 25 + -8 + -1 - 10.
6
(-7 - -2) + (0 - -5 - 1)
-1
Evaluate 0 + -1 - ((-9 - -10) + 1).
-3
-17 + (3 - -5) - -13
4
What is 1 + (-1 - 2) + (-5 - -5)?
-2
Evaluate 4 + -3 - (-2 + 2 - -3).
-2
Calculate 4 + -23 + 20 + 1 + 3.
5
What is (-4 - -3) + 3 + (-3 - -1)?
0
Calculate -15 + 17 + (-8 - 1).
-7
5 - (3 + (3 - (0 + -2)))
-3
What is -1 + (-2 - 1) - 1?
-5
What is the value of 2 + (-3 - 0) + 5?
4
-2 + (5 - (7 + -1))
-3
What is the value of 3 - (14 - (12 + -4))?
-3
Calculate 5 - (3 - 1) - 0 - -1.
4
What is the value of 9 + (1 - 14) - (-8 + -1)?
5
-21 + 7 - (-10 + 1)
-5
Evaluate 5 + 1 + 5 + -8.
3
Evaluate -23 + 4 + 5 - -10.
-4
1 - 6 - (-20 - -13) - 1
1
What is -5 + 7 + -2 - 1 - -2?
1
Evaluate 4 + (4 + (5 - 5) - 14).
-6
What is 2 - (-6 + (8 - 5) - -2)?
3
What is the value of 59 - 68 - (-1 - 10)?
2
What is the value of (0 - 1) + (5 - 0)?
4
Calculate 7 + (6 + 0 - 8).
5
What is the value of -12 + 11 - (0 + 2 + -7)?
4
Calculate -5 + (-1 - (5 + -10)).
-1
Calculate 8 + 1 + (2 - 6).
5
What is -153 + 157 + (0 + -3 - 1)?
0
Calculate -13 + (5 - (8 + -11)).
-5
Evaluate 7 + -2 + (-2 - (-6 + 5)).
4
Evaluate -3 + 0 + 9 + -3.
3
What is 4 - ((5 - 1) + 1)?
-1
Evaluate (-5 - (8 - 2)) + 0 - -5.
-6
Calculate -14 - ((0 - 14) + -7).
7
5 - (4 - (-4 + 3))
0
(-3 - -9 - 11) + 0
-5
What is (-6 - (6 + -18)) + -7?
-1
Evaluate -2 + 5 + 2 - 10.
-5
Evaluate (-9 - -18) + (-10 - 1).
-2
Evaluate 1 + -5 - (124 - 124).
-4
What is the value of (-1 - -3) + -13 - -8?
-3
Evaluate 2 + (-7 - (-6 - -4)).
-3
What is the value of -2 + 4 - -2 - (-27 + 32)?
-1
Evaluate -6 + 3 + 3 + 0 + 0.
0
Evaluate 6 + -1 + (9 - 3) + -10.
1
What is 8 + -11 - (-9 - (-2 - -1))?
5
What is the value of 8 + 2 - (-10 + 15)?
5
-10 + (18 - 11) - (0 - -2)
-5
What is 1 + -1 + (6 - 6) - -1?
1
What is the value of -3 + 2 + (-4 - (-6 + 2))?
-1
5 - (18 + -7 + 0)
-6
What is 0 + 6 + -3 - (41 + -40)?
2
1 - (-2 + 2 - -6)
-5
What is the value of 4 + (4 - 3) - 2?
3
3 + 4 + -3 + -1 + 5
8
0 - 4 - -6 - 7
-5
-1 + -2 + 7 - 4
0
What is -23 + 18 - ((1 - 7) + 2)?
-1
Evaluate -7 + -4 + 11 + 4.
4
-4 + (-5 - (0 + -9))
0
8 - (3 - -8 - 4)
1
-6 + (-3 - 0) - (-17 + 13)
-5
What is -3 - (-5 - (2 + -5))?
-1
What is (7 - -1) + -3 - 4?
1
What is the value of 3 - ((-3 - 2) + 1 + 5)?
2
What is 1 + 0 - (5 + -8 - 0)?
4
Evaluate -4 + -1 + 3 - (-22 + 20).
0
What is the value of -34 + 31 + 6 + -1?
2
Evaluate 12 - 0 - (25 + -6).
-7
What is the value of 5 + -1 - (0 - (-22 + 14))?
-4
-2 + (1 - -2 - -3)
4
What is (21 - 14) + 2 + -9?
0
What is -5 - (-18 + 22 + -7 + 0)?
-2
What is 0 - (1 + (0 - -1))?
-2
Evaluate 5 + (7 - (7 - (-2 - -4))).
7
What is the value of 5 - 9 - (-8 + 2)?
2
(19 - 13) + -3 + -1 + -4
-2
What is 2 - 0 - (24 + (-36 - -17))?
-3
What is 0 - (-3 - 3 - (-7 - -6))?
5
(1 - 2) + 2 + -5
-4
Calculate 1 - ((4 - -11) + (-8 - -1)).
-7
What is the value of (4 + 3 - 3) + 1 - 3?
2
What is the value of -4 + -1 + 1 + (9 - 8)?
-3
(-11 - -3) + (7 - 3)
-4
Calculate (4 - 2) + (-3 - -1) + 5.
5
8 - (-11 - (-6 + -22))
-9
7 - (0 + -4 - -7) - 1
3
Evaluate -1 + 1 + (3 - (-3 - -4)).
2
4 + 6 + -5 + -5
0
Evaluate -7 + 5 - -1 - (-9 + 15).
-7
What is the value of 4 - (0 - (6 + (-1 - 8)))?
1
What is (-3 + 0 - (-2 - -1)) + 1?
-1
Evaluate -7 - (-5 + -5 + 6).
-3
What is the value of -4 + 0 + (8 - (0 + 3))?
1
Calculate 20 + (0 - 17) - (0 + 1).
2
What is 1 - -3 - 2 - -3?
5
Calculate 1 - (-4 + 0 + 6).
-1
What is -7 - (9 + 4 + 3 + -19)?
-4
What is the value of -5 + 12 + (0 - 7)?
0
Evaluate 0 + 4 + (-5 - 0).
-1
5 + -7 - 3 - (-2 + -2)
-1
Evaluate (7 - (-4 + 2 + 3)) + -1.
5
-6 + (-6 - (-9 + -2))
-1
What is (0 - 3 - -1) + -3?
-5
What is (-3 - 0) + 2 + 2?
1
Evaluate -3 + 3 + -2 + -2.
-4
(-2 - -1 - (2 + -4)) + 3
4
-14 - (5 + -1 + 8 + -18)
-8
Evaluate 3 + 1 + -4 + 7.
7
Evaluate 3 + (5 - 3) + -1.
4
-2 + (-2 - -5) + (-12 - -7)
-4
5 + (0 - 5) - (0 + -6)
6
What is (4 - 16 - -7) + (-3 - 1)?
-9
What is the value of -7 + 7 + (9 - 6)?
3
Calculate 2 + (-7 - (-4 - -3)) - -9.
5
(-1 - -3) + (23 - 7 